4 (base 13) in base 7?
-2550
What is 20133220 (base 4) in base 12?
18174
Convert 38bc (base 13) to base 6.
101254
Convert -2627 (base 10) to base 14.
-d59
Convert 2bd4 (base 15) to base 13.
439c
Convert 6a66 (base 13) to base 10.
14956
What is -3003 (base 5) in base 3?
-112000
What is -38b0 (base 14) in base 10?
-9954
1012000 (base 3) to base 4
31200
Convert dd5 (base 16) to base 7.
13216
-3a30 (base 14) to base 9
-15031
Convert 1861 (base 10) to base 11.
1442
-2000332 (base 4) to base 9
-12281
110000111100 (base 2) to base 5
100012
What is 5845 (base 9) in base 14?
1818
What is 547 (base 8) in base 5?
2414
What is -110440 (base 7) in base 10?
-19432
7320 (base 8) to base 10
3792
What is -342114 (base 5) in base 2?
-10111101111111
What is 29 (base 11) in base 4?
133
-b232 (base 13) to base 9
-36603
Convert -1b6 (base 14) to base 11.
-2a4
Convert -352 (base 13) to base 7.
-1450
Convert -312122 (base 4) to base 8.
-6632
What is -130134 (base 6) in base 10?
-11722
What is 118 (base 10) in base 12?
9a
12976 (base 11) to base 13
8542
Convert -111000101 (base 2) to base 4.
-13011
Convert 3285 (base 15) to base 3.
112200022
What is -101111 (base 3) in base 9?
-344
-281 (base 12) to base 11
-320
What is -11031311 (base 4) in base 6?
-242525
Convert -dd (base 15) to base 5.
-1313
5218 (base 9) to base 8
7360
What is 10001 (base 2) in base 6?
25
Convert 1856 (base 12) to base 5.
43241
4431 (base 6) to base 7
2665
What is 20110122 (base 3) in base 9?
6418
What is -6b (base 13) in base 5?
-324
Convert 3010113 (base 4) to base 15.
3acc
What is -164 (base 12) in base 9?
-264
Convert 1c707 (base 14) to base 10.
72723
Convert 30110 (base 5) to base 12.
1129
-24400 (base 5) to base 11
-1432
Convert 121022102 (base 3) to base 8.
27163
What is 10011112102 (base 3) in base 13?
224c6
-1109 (base 10) to base 13
-674
What is -c5b (base 15) in base 10?
-2786
16fd (base 16) to base 12
34a5
What is -2120 (base 5) in base 15?
-140
Convert 97 (base 14) to base 12.
b1
Convert -10000000001010 (base 2) to base 3.
-102020210
510 (base 6) to base 8
272
What is -45351 (base 10) in base 5?
-2422401
Convert -16122 (base 14) to base 2.
-1101011101000010
What is 11213 (base 9) in base 2?
1110100101000
Convert -1101100010110000 (base 2) to base 10.
-55472
Convert -a031 (base 12) to base 5.
-1023232
What is -1665 (base 7) in base 12?
-490
2516 (base 9) to base 6
12410
1041 (base 8) to base 15
265
What is 113355 (base 9) in base 15?
15295
What is -27512 (base 8) in base 4?
-2331022
Convert 75 (base 9) to base 6.
152
Convert 1001110001 (base 2) to base 16.
271
11101110010011 (base 2) to base 10
15251
What is 2604 (base 8) in base 10?
1412
Convert -20770 (base 8) to base 6.
-104132
-22570 (base 8) to base 4
-2111320
Convert 203a3 (base 11) to base 9.
44734
Convert -330 (base 7) to base 2.
-10101000
Convert 385b (base 15) to base 9.
17425
-360 (base 7) to base 8
-275
What is 14d (base 16) in base 5?
2313
What is -4757 (base 8) in base 10?
-2543
131430 (base 5) to base 16
1478
-111c (base 13) to base 4
-211113
What is -ef (base 16) in base 10?
-239
Convert -230343 (base 5) to base 12.
-4913
Convert -6042 (base 8) to base 11.
-2374
28c6 (base 13) to base 12
3504
Convert -17723 (base 11) to base 12.
-12452
What is 10340 (base 6) in base 15?
653
What is -16106 (base 7) in base 16?
-11a2
-1011112 (base 3) to base 2
-1101010011
Convert 10111001001 (base 2) to base 3.
2000212
Convert 2101 (base 3) to base 7.
121
Convert -5149 (base 11) to base 5.
-204304
153207 (base 8) to base 12
27947
Convert -1526 (base 15) to base 11.
-3454
-614b (base 15) to base 11
-14489
2665 (base 9) to base 3
2202012
What is -7 (base 11) in base 4?
-13
What is 3211321 (base 4) in base 14?
550d
What is 874 (base 10) in base 4?
31222
-3e6 (base 15) to base 4
-31323
1590 (base 10) to base 9
2156
1799 (base 13) to base 6
24122
What is 1529 (base 15) in base 6?
33003
Convert -222112 (base 3) to base 10.
-716
Convert -20331313 (base 4) to base 12.
-19307
Convert -5759 (base 16) to base 7.
-122123
Convert 5870 (base 9) to base 3.
12222100
Convert 1012020102 (base 3) to base 8.
55715
-7de (base 15) to base 7
-5126
What is -400d (base 15) in base 14?
-4cd3
-1312 (base 4) to base 2
-1110110
Convert 31311 (base 4) to base 15.
3e0
What is 1778 (base 10) in base 5?
24103
What is 1054 (base 11) in base 8?
2556
Convert -13321102 (base 4) to base 12.
-1686a
What is -1ba (base 12) in base 2?
-100011110
-7074 (base 8) to base 5
-104034
Convert -22031 (base 4) to base 10.
-653
What is -11c2 (base 14) in base 3?
-11021012
1042 (base 7) to base 4
11311
Convert 121432 (base 5) to base 10.
4617
What is -3273 (base 14) in base 3?
-102222011
Convert -1343 (base 6) to base 8.
-537
Convert 11120210 (base 3) to base 12.
1b26
Convert 2a3a (base 12) to base 8.
11516
What is 30465 (base 8) in base 11?
9512
Convert -1dae (base 15) to base 13.
-2c33
Convert -1a9a (base 12) to base 10.
-3286
-4387 (base 15) to base 14
-52d8
What is 9b73 (base 13) in base 7?
120225
Convert -7e20 (base 16) to base 10.
-32288
What is -111001110 (base 2) in base 11?
-390
Convert 222222 (base 3) to base 6.
3212
Convert -8789 (base 10) to base 4.
-2021111
133 (base 7) to base 6
201
Convert -21134 (base 6) to base 9.
-3834
Convert -20012222 (base 3) to base 11.
-3453
What is 2303 (base 8) in base 2?
10011000011
Convert -100000100110011 (base 2) to base 9.
-24805
332121 (base 4) to base 14
1653
What is 1222200101 (base 3) in base 8?
114335
17de (base 16) to base 9
8338
What is 5351 (base 11) in base 4?
1232202
c31 (base 13) to base 10
2068
Convert -21b68 (base 12) to base 14.
-124c8
Convert -10266 (base 11) to base 3.
-202111220
Convert 42 (base 8) to base 5.
114
-3bda (base 16) to base 3
-210000111
Convert -668 (base 11) to base 3.
-1002122
Convert -2744 (base 15) to base 5.
-232024
What is 101003 (base 4) in base 2?
10001000011
Convert -555 (base 8) to base 2.
-101101101
111111010 (base 2) to base 8
772
4413 (base 12) to base 11
5701
Convert -125 (base 11) to base 15.
-9d
Convert 400250 (base 6) to base 3.
1120210210
220ba (base 12) to base 11
30953
-ac22 (base 14) to base 12
-15312
Convert 111221122 (base 3) to base 9.
14848
Convert 12c32 (base 14) to base 8.
132334
Convert 9ee (base 15) to base 5.
32444
Convert -f8 (base 16) to base 4.
-3320
Convert c88 (base 15) to base 8.
5414
15123 (base 7) to base 13
1b99
10000001111 (base 2) to base 13
61c
What is 426a (base 11) in base 14?
20b0
1221100210 (base 3) to base 14
dca8
Convert 212112 (base 5) to base 2.
1101111110101
What is -10101010010 (base 2) in base 7?
-3654
-5c53 (base 13) to base 16
-3319
What is -15303 (base 7) in base 11?
-3229
What is 6433 (base 7) in base 16?
8e6
What is -627 (base 15) in base 6?
-10231
Convert a18 (base 11) to base 14.
63b
Convert 22131332 (base 4) to base 6.
530302
-f17 (base 16) to base 6
-25515
-1311 (base 7) to base 3
-200110
14d (base 14) to base 3
100211
What is 5698 (base 10) in base 5?
140243
Convert -102 (base 12) to base 8.
-222
What is -1022322 (base 4) in base 13?
-224a
What is 59c5 (base 13) in base 7?
51634
What is -6557 (base 14) in base 7?
-102040
What is -42210 (base 6) in base 13?
-2790
Convert 2b89 (base 13) to base 12.
3826
What is 23257 (base 8) in base 5?
304103
Convert -20413 (base 5) to base 8.
-2516
64678 (base 10) to base 11
44659
Convert 4210 (base 10) to base 8.
10162
What is -2121202 (base 3) in base 11?
-1487
-110002102 (base 3) to base 8
-21155
Convert 99c5 (base 13) to base 5.
1141310
Convert 19 (base 15) to base 13.
1b
Convert -13976 (base 11) to base 15.
-5d06
-22132 (base 4) to base 7
-1645
-221201 (base 3) to base 15
-314
Convert 24502 (base 7) to base 6.
45421
What is -22300 (base 9) in base 10?
-14823
3ca7 (base 14) to base 7
43200
What is -706b (base 14) in base 10?
-19303
Convert -54551 (base 6) to base 2.
-1110110000011
-11f (base 16) to base 9
-348
11011110100011 (base 2) to base 15
4348
-10101130 (base 4) to base 11
-1216a
30b (base 16) to base 14
3d9
What is 26635 (base 7) in base 14?
288c
404 (base 6) to base 7
301
Convert 43545 (base 6) to base 15.
1bcb
Convert -544 (base 9) to base 6.
-2021
What is -642 (base 8) in base 12?
-2aa
What is -632 (base 13) in base 7?
-3035
465 (base 7) to base 4
3303
What is -1362 (base 7) in base 9?
-653
What is 